{"id":104,"date":"2022-03-07T22:40:36","date_gmt":"2022-03-07T22:40:36","guid":{"rendered":"https:\/\/accionchristian.com\/?page_id=104"},"modified":"2026-02-21T19:17:13","modified_gmt":"2026-02-21T19:17:13","slug":"actuacion","status":"publish","type":"page","link":"http:\/\/accionchristian.com\/index.php\/actuacion\/","title":{"rendered":"actuaci\u00f3n"},"content":{"rendered":"\t\t<div data-elementor-type=\"wp-page\" data-elementor-id=\"104\" class=\"elementor elementor-104\">\n\t\t\t\t\t\t<section class=\"elementor-section elementor-top-section elementor-element elementor-element-e352413 elementor-section-full_width elementor-section-height-min-height elementor-section-items-bottom elementor-section-height-default\" data-id=\"e352413\" data-element_type=\"section\" data-e-type=\"section\" data-settings=\"{&quot;background_background&quot;:&quot;classic&quot;,&quot;shape_divider_bottom&quot;:&quot;triangle-asymmetrical&quot;}\">\n\t\t\t\t\t\t\t<div class=\"elementor-background-overlay\"><\/div>\n\t\t\t\t\t\t<div class=\"elementor-shape elementor-shape-bottom\" aria-hidden=\"true\" data-negative=\"false\">\n\t\t\t<svg xmlns=\"http:\/\/www.w3.org\/2000\/svg\" viewBox=\"0 0 1000 100\" preserveAspectRatio=\"none\">\n\t<path class=\"elementor-shape-fill\" d=\"M738,99l262-93V0H0v5.6L738,99z\"\/>\n<\/svg>\t\t<\/div>\n\t\t\t\t\t<div class=\"elementor-container elementor-column-gap-no\">\n\t\t\t\t\t<div class=\"elementor-column elementor-col-100 elementor-top-column elementor-element elementor-element-e9f8958\" data-id=\"e9f8958\" data-element_type=\"column\" data-e-type=\"column\" data-settings=\"{&quot;background_background&quot;:&quot;classic&quot;}\">\n\t\t\t<div class=\"elementor-widget-wrap elementor-element-populated\">\n\t\t\t\t\t\t<section class=\"elementor-section elementor-inner-section elementor-element elementor-element-5e7a407 elementor-section-full_width elementor-section-height-min-height elementor-section-height-default\" data-id=\"5e7a407\" data-element_type=\"section\" data-e-type=\"section\" data-settings=\"{&quot;background_background&quot;:&quot;classic&quot;}\">\n\t\t\t\t\t\t\t<div class=\"elementor-background-overlay\"><\/div>\n\t\t\t\t\t\t\t<div class=\"elementor-container elementor-column-gap-default\">\n\t\t\t\t\t<div class=\"elementor-column elementor-col-50 elementor-inner-column elementor-element elementor-element-35ff5bb\" data-id=\"35ff5bb\" data-element_type=\"column\" data-e-type=\"column\">\n\t\t\t<div class=\"elementor-widget-wrap elementor-element-populated\">\n\t\t\t\t\t\t<div class=\"elementor-element elementor-element-cce6534 elementor-widget elementor-widget-heading\" data-id=\"cce6534\" data-element_type=\"widget\" data-e-type=\"widget\" data-widget_type=\"heading.default\">\n\t\t\t\t<div class=\"elementor-widget-container\">\n\t\t\t\t\t<h2 class=\"elementor-heading-title elementor-size-default\">CINE<\/h2>\t\t\t\t<\/div>\n\t\t\t\t<\/div>\n\t\t\t\t\t<\/div>\n\t\t<\/div>\n\t\t\t\t<div class=\"elementor-column elementor-col-50 elementor-inner-column elementor-element elementor-element-2b94ae6\" data-id=\"2b94ae6\" data-element_type=\"column\" data-e-type=\"column\">\n\t\t\t<div class=\"elementor-widget-wrap elementor-element-populated\">\n\t\t\t\t\t\t<div class=\"elementor-element elementor-element-0191d85 elementor-widget elementor-widget-text-editor\" data-id=\"0191d85\" data-element_type=\"widget\" data-e-type=\"widget\" data-widget_type=\"text-editor.default\">\n\t\t\t\t<div class=\"elementor-widget-container\">\n\t\t\t\t\t\t\t\t\t<p><span style=\"text-decoration: underline;\"><a href=\"https:\/\/www.instagram.com\/p\/CUpl6Bal7Ye\/\"><strong>Escisi\u00f3n<\/strong><\/a><\/span><br \/>Protagonista<br \/><span style=\"font-weight: 400;\">Dir. Luis Eduardo Rojas, Chile &#8211;\u00a0<\/span><span style=\"font-weight: 400;\">2022<\/span><\/p><p><span style=\"text-decoration: underline;\"><a href=\"https:\/\/www.imdb.com\/title\/tt10485538\/?ref_=nm_knf_i1\" target=\"_blank\" rel=\"noopener\"><strong>Opossite Direction<\/strong><\/a><\/span><br \/>Protagonista<br \/>Dir. Alejandro Bellame, Venezuela &#8211; 2020<\/p><p><span style=\"text-decoration: underline;\"><a href=\"https:\/\/www.youtube.com\/watch?v=dY1OQNGacNk\"><strong>Primer Amor<\/strong><\/a><\/span><br \/>Protagonista<br \/>Dir. Edio Raven, Venezuela &#8211; 2017<\/p><p><span style=\"text-decoration: underline;\"><a href=\"https:\/\/www.imdb.com\/title\/tt2005207\/?ref_=nm_knf_i3\" target=\"_blank\" rel=\"noopener\"><strong>The Rumble of the Stones<\/strong><\/a><\/span><br \/>Protagonista<br \/>Dir. Alejandro Bellame, Venezuela &#8211; 2011<\/p>\t\t\t\t\t\t\t\t<\/div>\n\t\t\t\t<\/div>\n\t\t\t\t\t<\/div>\n\t\t<\/div>\n\t\t\t\t\t<\/div>\n\t\t<\/section>\n\t\t\t\t<section class=\"elementor-section elementor-inner-section elementor-element elementor-element-2bae854 elementor-section-full_width elementor-section-height-min-height elementor-section-height-default\" data-id=\"2bae854\" data-element_type=\"section\" data-e-type=\"section\" data-settings=\"{&quot;background_background&quot;:&quot;classic&quot;}\">\n\t\t\t\t\t\t\t<div class=\"elementor-background-overlay\"><\/div>\n\t\t\t\t\t\t\t<div class=\"elementor-container elementor-column-gap-default\">\n\t\t\t\t\t<div class=\"elementor-column elementor-col-50 elementor-inner-column elementor-element elementor-element-a8211b6\" data-id=\"a8211b6\" data-element_type=\"column\" data-e-type=\"column\">\n\t\t\t<div class=\"elementor-widget-wrap elementor-element-populated\">\n\t\t\t\t\t\t<div class=\"elementor-element elementor-element-1be39ea elementor-widget elementor-widget-heading\" data-id=\"1be39ea\" data-element_type=\"widget\" data-e-type=\"widget\" data-widget_type=\"heading.default\">\n\t\t\t\t<div class=\"elementor-widget-container\">\n\t\t\t\t\t<h2 class=\"elementor-heading-title elementor-size-default\">Teatro<\/h2>\t\t\t\t<\/div>\n\t\t\t\t<\/div>\n\t\t\t\t\t<\/div>\n\t\t<\/div>\n\t\t\t\t<div class=\"elementor-column elementor-col-50 elementor-inner-column elementor-element elementor-element-c0f3943\" data-id=\"c0f3943\" data-element_type=\"column\" data-e-type=\"column\">\n\t\t\t<div class=\"elementor-widget-wrap elementor-element-populated\">\n\t\t\t\t\t\t<div class=\"elementor-element elementor-element-565bd99 elementor-widget elementor-widget-text-editor\" data-id=\"565bd99\" data-element_type=\"widget\" data-e-type=\"widget\" data-widget_type=\"text-editor.default\">\n\t\t\t\t<div class=\"elementor-widget-container\">\n\t\t\t\t\t\t\t\t\t<p><strong>La C\u00e1mara Oscura<\/strong><br \/>Protagonista, re-dirigido por Kevin Jorges\u00a0 Espa\u00f1a &#8211; 2025<\/p><p><strong>Tribes<\/strong><br \/>Protagonista, dirigida por Rossana Hern\u00e1ndez Venezuela &#8211; 2019<\/p><p><strong>We don\u00b4t Need Another Hero<\/strong><br \/>Protagonista, dirigido por Marisol Mart\u00ednez\u00a0 Venezuela &#8211; 2019<\/p><p><strong>Red Speedo<\/strong><br \/>Protagonista, dirigido por Anibal Cova\u00a0 \u00a0Venezuela &#8211; 2018<\/p>\t\t\t\t\t\t\t\t<\/div>\n\t\t\t\t<\/div>\n\t\t\t\t\t<\/div>\n\t\t<\/div>\n\t\t\t\t\t<\/div>\n\t\t<\/section>\n\t\t\t\t<section class=\"elementor-section elementor-inner-section elementor-element elementor-element-9b70e12 elementor-section-full_width elementor-section-height-min-height elementor-section-height-default\" data-id=\"9b70e12\" data-element_type=\"section\" data-e-type=\"section\" data-settings=\"{&quot;background_background&quot;:&quot;classic&quot;}\">\n\t\t\t\t\t\t\t<div class=\"elementor-background-overlay\"><\/div>\n\t\t\t\t\t\t\t<div class=\"elementor-container elementor-column-gap-default\">\n\t\t\t\t\t<div class=\"elementor-column elementor-col-50 elementor-inner-column elementor-element elementor-element-76b3e51\" data-id=\"76b3e51\" data-element_type=\"column\" data-e-type=\"column\">\n\t\t\t<div class=\"elementor-widget-wrap elementor-element-populated\">\n\t\t\t\t\t\t<div class=\"elementor-element elementor-element-759d3fa elementor-widget elementor-widget-heading\" data-id=\"759d3fa\" data-element_type=\"widget\" data-e-type=\"widget\" data-widget_type=\"heading.default\">\n\t\t\t\t<div class=\"elementor-widget-container\">\n\t\t\t\t\t<h2 class=\"elementor-heading-title elementor-size-default\">Tv<\/h2>\t\t\t\t<\/div>\n\t\t\t\t<\/div>\n\t\t\t\t\t<\/div>\n\t\t<\/div>\n\t\t\t\t<div class=\"elementor-column elementor-col-50 elementor-inner-column elementor-element elementor-element-86b9812\" data-id=\"86b9812\" data-element_type=\"column\" data-e-type=\"column\">\n\t\t\t<div class=\"elementor-widget-wrap elementor-element-populated\">\n\t\t\t\t\t\t<div class=\"elementor-element elementor-element-d35682e elementor-widget elementor-widget-text-editor\" data-id=\"d35682e\" data-element_type=\"widget\" data-e-type=\"widget\" data-widget_type=\"text-editor.default\">\n\t\t\t\t<div class=\"elementor-widget-container\">\n\t\t\t\t\t\t\t\t\t<p><span style=\"text-decoration: underline;\"><a href=\"https:\/\/www.imdb.com\/title\/tt8659760\/?ref_=nm_flmg_slf_2\" target=\"_blank\" rel=\"noopener\"><strong>M\u00e1s que Amor es un Sufrir<\/strong><\/a><\/span><br \/>Secundario<br \/>Salamanca Cine, Argentina &#8211; 2012<\/p><p><span style=\"text-decoration: underline;\"><a href=\"https:\/\/www.imdb.com\/title\/tt1444298\/?ref_=nm_flmg_act_6\" target=\"_blank\" rel=\"noopener\"><strong>Los Misterios del Amor<\/strong><\/a><\/span><br \/>Elenco juvenil<br \/>Venevisi\u00f3n, Venezuela &#8211; 2009<\/p><p><span style=\"text-decoration: underline;\"><a href=\"https:\/\/www.imdb.com\/title\/tt1320211\/?ref_=nm_flmg_act_7\" target=\"_blank\" rel=\"noopener\"><strong>Arroz con Leche<\/strong><\/a><\/span><br \/>Elenco infantil<br \/>Venevisi\u00f3n, Venezuela &#8211; 2007<\/p><p><strong>Control Remoto<\/strong><br \/>Secundario<br \/>R.C.T.V, Venezuela &#8211; 2017<\/p>\t\t\t\t\t\t\t\t<\/div>\n\t\t\t\t<\/div>\n\t\t\t\t\t<\/div>\n\t\t<\/div>\n\t\t\t\t\t<\/div>\n\t\t<\/section>\n\t\t\t\t<section class=\"elementor-section elementor-inner-section elementor-element elementor-element-f5c2cad elementor-section-full_width elementor-section-height-min-height elementor-section-height-default\" data-id=\"f5c2cad\" data-element_type=\"section\" data-e-type=\"section\" data-settings=\"{&quot;background_background&quot;:&quot;classic&quot;}\">\n\t\t\t\t\t\t\t<div class=\"elementor-background-overlay\"><\/div>\n\t\t\t\t\t\t\t<div class=\"elementor-container elementor-column-gap-default\">\n\t\t\t\t\t<div class=\"elementor-column elementor-col-50 elementor-inner-column elementor-element elementor-element-cb2032b\" data-id=\"cb2032b\" data-element_type=\"column\" data-e-type=\"column\">\n\t\t\t<div class=\"elementor-widget-wrap elementor-element-populated\">\n\t\t\t\t\t\t<div class=\"elementor-element elementor-element-3c58eeb elementor-widget elementor-widget-heading\" data-id=\"3c58eeb\" data-element_type=\"widget\" data-e-type=\"widget\" data-widget_type=\"heading.default\">\n\t\t\t\t<div class=\"elementor-widget-container\">\n\t\t\t\t\t<h2 class=\"elementor-heading-title elementor-size-default\">Video<br>clips<\/h2>\t\t\t\t<\/div>\n\t\t\t\t<\/div>\n\t\t\t\t\t<\/div>\n\t\t<\/div>\n\t\t\t\t<div class=\"elementor-column elementor-col-50 elementor-inner-column elementor-element elementor-element-283d74a\" data-id=\"283d74a\" data-element_type=\"column\" data-e-type=\"column\">\n\t\t\t<div class=\"elementor-widget-wrap elementor-element-populated\">\n\t\t\t\t\t\t<div class=\"elementor-element elementor-element-4be3a18 elementor-widget elementor-widget-text-editor\" data-id=\"4be3a18\" data-element_type=\"widget\" data-e-type=\"widget\" data-widget_type=\"text-editor.default\">\n\t\t\t\t<div class=\"elementor-widget-container\">\n\t\t\t\t\t\t\t\t\t<p><a href=\"https:\/\/youtu.be\/qnSJgAhfJk8\"><strong>Marcos Co\u00f1oman &#8211; Momentos<\/strong><\/a><br \/><span style=\"font-weight: 400;\">Principal<\/span><br \/><span style=\"font-weight: 400;\">Dir. Deinar Ram\u00edrez &#8211; 2020\u00a0<\/span><\/p><p><span style=\"text-decoration: underline;\"><a href=\"https:\/\/www.youtube.com\/watch?v=Jlr-MhcMu1c\" target=\"_blank\" rel=\"noopener\"><strong>Amiga Loca \u2013 Manu &amp; Moi<\/strong><\/a><\/span><br \/>Principal<br \/>Dir. Edio Raven, Venezuela &#8211; 2019<\/p><p><span style=\"text-decoration: underline;\"><a href=\"https:\/\/www.imdb.com\/title\/tt11119128\/?ref_=nm_flmg_act_2\" target=\"_blank\" rel=\"noopener\"><strong>Eres m\u00eda &#8211; Bitoqueao<\/strong><\/a><\/span><br \/>Principal<br \/>Albur Productions, Venezuela &#8211; 2018<\/p><p><span style=\"text-decoration: underline;\"><a href=\"https:\/\/www.youtube.com\/watch?v=B5B5pPVEwyw\" target=\"_blank\" rel=\"noopener\"><strong>Eres t\u00fa &#8211; Matisse &amp; Reik<\/strong><\/a><\/span><br \/>Secundario<br \/>Compostela Film, Venezuela &#8211; 2018<\/p><p><span style=\"text-decoration: underline;\"><a href=\"https:\/\/www.imdb.com\/title\/tt9632946\/?ref_=nm_flmg_act_3\" target=\"_blank\" rel=\"noopener\"><strong>Un A\u00f1o &#8211; Yatra &amp; Reik<\/strong><\/a><\/span><br \/>Secundario<br \/>Compostela Film, Venezuela &#8211; 2017<\/p>\t\t\t\t\t\t\t\t<\/div>\n\t\t\t\t<\/div>\n\t\t\t\t<div class=\"elementor-element elementor-element-7ddf692 elementor-mobile-align-center elementor-widget elementor-widget-button\" data-id=\"7ddf692\" data-element_type=\"widget\" data-e-type=\"widget\" data-widget_type=\"button.default\">\n\t\t\t\t<div class=\"elementor-widget-container\">\n\t\t\t\t\t\t\t\t\t<div class=\"elementor-button-wrapper\">\n\t\t\t\t\t<a class=\"elementor-button elementor-button-link elementor-size-sm elementor-animation-shrink\" href=\"https:\/\/www.imdb.com\/name\/nm3189014\/\" target=\"_blank\">\n\t\t\t\t\t\t<span class=\"elementor-button-content-wrapper\">\n\t\t\t\t\t\t\t\t\t<span class=\"elementor-button-text\">Conoce m\u00e1s de su trayectoria actoral<\/span>\n\t\t\t\t\t<\/span>\n\t\t\t\t\t<\/a>\n\t\t\t\t<\/div>\n\t\t\t\t\t\t\t\t<\/div>\n\t\t\t\t<\/div>\n\t\t\t\t\t<\/div>\n\t\t<\/div>\n\t\t\t\t\t<\/div>\n\t\t<\/section>\n\t\t\t\t\t<\/div>\n\t\t<\/div>\n\t\t\t\t\t<\/div>\n\t\t<\/section>\n\t\t\t\t<\/div>\n\t\t","protected":false},"excerpt":{"rendered":"<p>CINE Escisi\u00f3nProtagonistaDir. Luis Eduardo Rojas, Chile &#8211;\u00a02022 Opossite DirectionProtagonistaDir. Alejandro Bellame, Venezuela &#8211; 2020 Primer AmorProtagonistaDir. Edio Raven, Venezuela &#8211; 2017 The Rumble of the StonesProtagonistaDir. Alejandro Bellame, Venezuela &#8211; 2011 Teatro La C\u00e1mara OscuraProtagonista, re-dirigido por Kevin Jorges\u00a0 Espa\u00f1a &#8211; 2025 TribesProtagonista, dirigida por Rossana Hern\u00e1ndez Venezuela &#8211; 2019 We don\u00b4t Need Another HeroProtagonista, [&hellip;]<\/p>\n","protected":false},"author":2,"featured_media":0,"parent":0,"menu_order":0,"comment_status":"closed","ping_status":"closed","template":"elementor_header_footer","meta":{"footnotes":""},"class_list":["post-104","page","type-page","status-publish","hentry"],"yoast_head":"<!-- This site is optimized with the Yoast SEO plugin v25.5 - https:\/\/yoast.com\/wordpress\/plugins\/seo\/ -->\n<title>Trayectoria Actoral - Carrera de Christian Gonaz\u00e1lez<\/title>\n<meta name=\"description\" content=\"Trayectoria Actoral del actor venezolano Christian Gonz\u00e1lez. Su carrera empez\u00f3 desde muy peque\u00f1o y por m\u00e1s de 15 a\u00f1os ha trabajado en cine, teatro y televisi\u00f3n.\" \/>\n<meta name=\"robots\" content=\"noindex, follow, max-snippet:-1, max-image-preview:large, max-video-preview:-1\" \/>\n<meta property=\"og:locale\" content=\"en_US\" \/>\n<meta property=\"og:type\" content=\"article\" \/>\n<meta property=\"og:title\" content=\"Trayectoria Actoral - Carrera de Christian Gonaz\u00e1lez\" \/>\n<meta property=\"og:description\" content=\"Trayectoria Actoral del actor venezolano Christian Gonz\u00e1lez. Su carrera empez\u00f3 desde muy peque\u00f1o y por m\u00e1s de 15 a\u00f1os ha trabajado en cine, teatro y televisi\u00f3n.\" \/>\n<meta property=\"og:url\" content=\"http:\/\/accionchristian.com\/index.php\/actuacion\/\" \/>\n<meta property=\"og:site_name\" content=\"Christian Gonz\u00e1lez\" \/>\n<meta property=\"article:modified_time\" content=\"2026-02-21T19:17:13+00:00\" \/>\n<meta name=\"twitter:card\" content=\"summary_large_image\" \/>\n<meta name=\"twitter:label1\" content=\"Est. reading time\" \/>\n\t<meta name=\"twitter:data1\" content=\"1 minute\" \/>\n<script type=\"application\/ld+json\" class=\"yoast-schema-graph\">{\"@context\":\"https:\/\/schema.org\",\"@graph\":[{\"@type\":\"WebPage\",\"@id\":\"http:\/\/accionchristian.com\/index.php\/actuacion\/\",\"url\":\"http:\/\/accionchristian.com\/index.php\/actuacion\/\",\"name\":\"Trayectoria Actoral - Carrera de Christian Gonaz\u00e1lez\",\"isPartOf\":{\"@id\":\"http:\/\/accionchristian.com\/#website\"},\"datePublished\":\"2022-03-07T22:40:36+00:00\",\"dateModified\":\"2026-02-21T19:17:13+00:00\",\"description\":\"Trayectoria Actoral del actor venezolano Christian Gonz\u00e1lez. Su carrera empez\u00f3 desde muy peque\u00f1o y por m\u00e1s de 15 a\u00f1os ha trabajado en cine, teatro y televisi\u00f3n.\",\"breadcrumb\":{\"@id\":\"http:\/\/accionchristian.com\/index.php\/actuacion\/#breadcrumb\"},\"inLanguage\":\"en-US\",\"potentialAction\":[{\"@type\":\"ReadAction\",\"target\":[\"http:\/\/accionchristian.com\/index.php\/actuacion\/\"]}]},{\"@type\":\"BreadcrumbList\",\"@id\":\"http:\/\/accionchristian.com\/index.php\/actuacion\/#breadcrumb\",\"itemListElement\":[{\"@type\":\"ListItem\",\"position\":1,\"name\":\"Home\",\"item\":\"http:\/\/accionchristian.com\/\"},{\"@type\":\"ListItem\",\"position\":2,\"name\":\"actuaci\u00f3n\"}]},{\"@type\":\"WebSite\",\"@id\":\"http:\/\/accionchristian.com\/#website\",\"url\":\"http:\/\/accionchristian.com\/\",\"name\":\"Christian Gonz\u00e1lez\",\"description\":\"Actor\",\"potentialAction\":[{\"@type\":\"SearchAction\",\"target\":{\"@type\":\"EntryPoint\",\"urlTemplate\":\"http:\/\/accionchristian.com\/?s={search_term_string}\"},\"query-input\":{\"@type\":\"PropertyValueSpecification\",\"valueRequired\":true,\"valueName\":\"search_term_string\"}}],\"inLanguage\":\"en-US\"}]}<\/script>\n<!-- \/ Yoast SEO plugin. -->","yoast_head_json":{"title":"Trayectoria Actoral - Carrera de Christian Gonaz\u00e1lez","description":"Trayectoria Actoral del actor venezolano Christian Gonz\u00e1lez. Su carrera empez\u00f3 desde muy peque\u00f1o y por m\u00e1s de 15 a\u00f1os ha trabajado en cine, teatro y televisi\u00f3n.","robots":{"index":"noindex","follow":"follow","max-snippet":"max-snippet:-1","max-image-preview":"max-image-preview:large","max-video-preview":"max-video-preview:-1"},"og_locale":"en_US","og_type":"article","og_title":"Trayectoria Actoral - Carrera de Christian Gonaz\u00e1lez","og_description":"Trayectoria Actoral del actor venezolano Christian Gonz\u00e1lez. Su carrera empez\u00f3 desde muy peque\u00f1o y por m\u00e1s de 15 a\u00f1os ha trabajado en cine, teatro y televisi\u00f3n.","og_url":"http:\/\/accionchristian.com\/index.php\/actuacion\/","og_site_name":"Christian Gonz\u00e1lez","article_modified_time":"2026-02-21T19:17:13+00:00","twitter_card":"summary_large_image","twitter_misc":{"Est. reading time":"1 minute"},"schema":{"@context":"https:\/\/schema.org","@graph":[{"@type":"WebPage","@id":"http:\/\/accionchristian.com\/index.php\/actuacion\/","url":"http:\/\/accionchristian.com\/index.php\/actuacion\/","name":"Trayectoria Actoral - Carrera de Christian Gonaz\u00e1lez","isPartOf":{"@id":"http:\/\/accionchristian.com\/#website"},"datePublished":"2022-03-07T22:40:36+00:00","dateModified":"2026-02-21T19:17:13+00:00","description":"Trayectoria Actoral del actor venezolano Christian Gonz\u00e1lez. Su carrera empez\u00f3 desde muy peque\u00f1o y por m\u00e1s de 15 a\u00f1os ha trabajado en cine, teatro y televisi\u00f3n.","breadcrumb":{"@id":"http:\/\/accionchristian.com\/index.php\/actuacion\/#breadcrumb"},"inLanguage":"en-US","potentialAction":[{"@type":"ReadAction","target":["http:\/\/accionchristian.com\/index.php\/actuacion\/"]}]},{"@type":"BreadcrumbList","@id":"http:\/\/accionchristian.com\/index.php\/actuacion\/#breadcrumb","itemListElement":[{"@type":"ListItem","position":1,"name":"Home","item":"http:\/\/accionchristian.com\/"},{"@type":"ListItem","position":2,"name":"actuaci\u00f3n"}]},{"@type":"WebSite","@id":"http:\/\/accionchristian.com\/#website","url":"http:\/\/accionchristian.com\/","name":"Christian Gonz\u00e1lez","description":"Actor","potentialAction":[{"@type":"SearchAction","target":{"@type":"EntryPoint","urlTemplate":"http:\/\/accionchristian.com\/?s={search_term_string}"},"query-input":{"@type":"PropertyValueSpecification","valueRequired":true,"valueName":"search_term_string"}}],"inLanguage":"en-US"}]}},"_links":{"self":[{"href":"http:\/\/accionchristian.com\/index.php\/wp-json\/wp\/v2\/pages\/104","targetHints":{"allow":["GET"]}}],"collection":[{"href":"http:\/\/accionchristian.com\/index.php\/wp-json\/wp\/v2\/pages"}],"about":[{"href":"http:\/\/accionchristian.com\/index.php\/wp-json\/wp\/v2\/types\/page"}],"author":[{"embeddable":true,"href":"http:\/\/accionchristian.com\/index.php\/wp-json\/wp\/v2\/users\/2"}],"replies":[{"embeddable":true,"href":"http:\/\/accionchristian.com\/index.php\/wp-json\/wp\/v2\/comments?post=104"}],"version-history":[{"count":75,"href":"http:\/\/accionchristian.com\/index.php\/wp-json\/wp\/v2\/pages\/104\/revisions"}],"predecessor-version":[{"id":637,"href":"http:\/\/accionchristian.com\/index.php\/wp-json\/wp\/v2\/pages\/104\/revisions\/637"}],"wp:attachment":[{"href":"http:\/\/accionchristian.com\/index.php\/wp-json\/wp\/v2\/media?parent=104"}],"curies":[{"name":"wp","href":"https:\/\/api.w.org\/{rel}","templated":true}]}}